945*5). What is the greatest common factor of 36 and x?
36
Let j(s) = s**3 - 7*s**2 - 7*s - 3. Let h be 7/14*(-1 + 17). Let k be j(h). Suppose -54 = -k*t + 16. Calculate the highest common factor of t and 154.
14
Let k = 411 - 139. What is the highest common divisor of k and 34?
34
Let m = -27 + 40. Suppose -1276 - 1727 = -33*x. Calculate the highest common divisor of x and m.
13
Let a = 2268 + -2229. What is the greatest common divisor of 169 and a?
13
Suppose 911 - 382 = 23*d. What is the highest common divisor of d and 184?
23
Suppose -c + 1 = 3*g, -2*g - 3 = -c - 12. Let b be 13064/18 + 2/9. Suppose -r - g*r = -b. Calculate the highest common factor of r and 22.
22
Let d = 1073 + -1065. Calculate the greatest common divisor of 6 and d.
2
Suppose 0 = -20*o + 4 + 16. What is the highest common factor of 23 and o?
1
Suppose 3*d + 4*m - 93 = 0, 0*m = 5*d - 2*m - 181. Let q = 44 - d. Calculate the greatest common divisor of 72 and q.
9
Let f = 112 - 99. Calculate the highest common factor of 156 and f.
13
Suppose 0 = j - 0*x + 5*x - 24, -4 = -2*x. Let d be (-8)/(-36) - 76/18. Let t = d - -116. Calculate the highest common divisor of j and t.
14
Let w = 36 + 63. Calculate the highest common divisor of 33 and w.
33
Let c(h) = h**2 - 3*h - 1. Let a be c(4). Suppose -6 = a*v - 0. Let z be (-1 + 2 + v)*-8. Calculate the highest common divisor of 8 and z.
8
Let s = -84 + 82. Let w be ((-8)/(-5))/(s*1/(-20)). Let k(f) = 2*f**2 - 3*f + 6. Let j be k(10). What is the highest common divisor of w and j?
16
Let i be (24/2)/((-6)/(-20)). Let u(w) = -4*w**2 + 3*w + 3. Let c be u(3). Let k be (-10)/(-1 - 20/c). Calculate the greatest common divisor of k and i.
20
Let f(a) be the first derivative of -a**3/3 - 7*a**2 - 12*a + 9. Let o be f(-11). Calculate the highest common divisor of o and 21.
21
Let t(z) = 17*z**2 + 39*z - 111. Let k be t(3). What is the highest common factor of k and 6?
3
Suppose -v = 3*v - 16. Let g(o) = 230*o + 1156. Let h be g(-5). What is the highest common factor of h and v?
2
Let a(t) = -t**3 - 3*t**2 + 4*t + 15. Let l be a(-2). Calculate the greatest common divisor of l and 141.
3
Let n = -79 + 21. Let d = -30 - n. What is the greatest common factor of d and 70?
14
Let h(b) = 6*b**2 + 10*b - 2. Let n be h(-2). What is the greatest common divisor of n and 10?
2
Suppose 139*p = 184*p - 2025. Suppose -4*d + 13 = q, -2*q = -0*q - 4*d - 26. Let x = 22 - q. Calculate the highest common factor of p and x.
9
Suppose 5*c - 245 = -5*z, -2*z + 5*c = 2*c - 83. What is the greatest common factor of 4 and z?
2
Suppose 3*s = -3*s + 948. Suppose 3*a - 26 = -5*i + 91, -5*a = -4*i - s. Calculate the greatest common factor of 85 and a.
17
Suppose 352 = 4*c - 684. Calculate the greatest common factor of 37 and c.
37
Let k = 44 + -42. Suppose -k*u + 193 = -39. Calculate the greatest common factor of 29 and u.
29
Suppose -7*p + 6*p = -1. Let j(w) = 11*w. Let z be j(p). What is the highest common factor of 253 and z?
11
Let d be 1/((-2)/7 - 29/(-77)). What is the greatest common divisor of d and 253?
11
Suppose -h = -4*v + 713, -5*h + h + 688 = 4*v. Let z = -57 - 1. Let b = z + v. What is the highest common divisor of b and 17?
17
Let q = 45 - -27. Calculate the highest common factor of q and 192.
24
Suppose p = -4*c - 8, -4*p = p - c - 2. Suppose m - 4 = p, -3*y - y + 16 = 2*m. Suppose 0 = 5*t - y*t - 54. Calculate the greatest common divisor of t and 12.
6
Let n = 27 - -8. Let z be (-2)/5 + 644/n. What is the highest common divisor of z and 45?
9
Suppose 227*z + 810 = 233*z. What is the highest common divisor of z and 10?
5
Let m(n) = 4*n**2 - 10*n + 1. Let z be m(3). Calculate the highest common divisor of 7 and z.
7
Suppose 140 = -5*k + 480. Let n be ((-459)/k)/(1/(-28)). What is the highest common divisor of n and 27?
27
Suppose -2*h = -4*n - 96, 2*n - 213 = -5*h + 3*n. Suppose 0 = 2*l - h - 2. Suppose m = -2*m + 132. What is the greatest common factor of l and m?
22
Let f = 289 - 243. Calculate the greatest common factor of 69 and f.
23
Let q be (10 - 0) + (-15 - -11). Suppose -q*v - 99 = -7*v. Calculate the highest common factor of v and 9.
9
Suppose -d - 18 = -2*d. Let h = 34 + -29. Let z be (-14 - -2)*h/(-10). Calculate the highest common factor of d and z.
6
Suppose -k - 4*q = -53, 0 = 2*k + 4*q - 3*q - 113. Suppose 2*c - 27 = k. Calculate the highest common divisor of c and 168.
42
Suppose -13*x = -15*x. Suppose -2*p + 20 = -x. What is the greatest common divisor of 10 and p?
10
Suppose -2*j - 3*s + 24 = 0, -3*j - 2*s + 36 + 5 = 0. Let k(x) = x**2 - 4*x - 7. Let f be k(6). Calculate the highest common divisor of j and f.
5
Let m(u) = -u - 7. Let k be m(-7). Suppose k = 2*d + 2*d. Suppose -4*c + 2*c + 10 = d. What is the highest common divisor of c and 20?
5
Suppose -5*x + 2*u + 86 = 0, x + 5*u + 3 = 4. Calculate the highest common factor of x and 6.
2
Let q be (-1052)/(-3) - (-29)/87. Calculate the greatest common divisor of q and 13.
13
Suppose 2*m - 13 = 3*z, 6*z - z + 17 = m. Suppose i = -3*h + 64, m*h + 5*i = 42 + 5. Calculate the highest common divisor of 147 and h.
21
Let n = -1001 - -1185. Calculate the highest common factor of n and 24.
8
Let f = -19 + 36. Suppose -f*v = -14*v - 162. Calculate the highest common factor of 6 and v.
6
Suppose 9*c - 191 = -920. Let k = c - -97. Calculate the highest common divisor of 12 and k.
4
Let u(b) be the second derivative of -4*b**2 + 5*b - 2/3*b**3 + 0. Let o be u(-6). Calculate the greatest common factor of 4 and o.
4
Suppose 1144 - 224 = 20*d. What is the greatest common divisor of 69 and d?
23
Suppose 203*q + 4576 = 211*q. What is the greatest common divisor of 104 and q?
52
Let y = 880 + -355. Calculate the greatest common divisor of 35 and y.
35
Suppose -s - 5*l = -3*l + 3, 3*s = -2*l - 1. Let h(f) = 96*f**2 - 2*f + 1. Let a be h(s). What is the greatest common divisor of 19 and a?
19
Suppose -4*n + n - 107 = -2*j, 4*j = 4*n + 212. Calculate the highest common divisor of j and 13.
13
Let v be ((-210)/49)/((-39)/455). Let q = -23 - -33. Calculate the greatest common divisor of v and q.
10
Let t be 3/((-2)/60 + (-2)/(-6)). Let l be (42/t)/((-5)/(-275)). What is the greatest common factor of 33 and l?
33
Suppose 1110 + 66 = 7*i. Calculate the greatest common divisor of 24 and i.
24
Let i be 1*1/(-1)*-22. Suppose -17*x = -441 - 287 + 354. What is the highest common divisor of x and i?
22
Let j be 582/15 + (-8)/10. Let w = 42 + j. Let r = -1 + 11. What is the greatest common divisor of w and r?
10
Let d = -14 - 1. Let v = -5 - d. Let r(z) = z**3 + 2*z**2 - 7*z - 8. Let u be r(-3). Calculate the highest common factor of u and v.
2
Suppose -12 = -3*g + 4*b, 5*g - 2*b - 2*b - 28 = 0. Let x = g - -8. What is the highest common factor of 4 and x?
4
Let i(k) = k**2 + 4*k. Let x be i(6). Let c be (-4)/14 - x/(-14). Let r be (-12)/14 - 1144/(-28) - 4. Calculate the highest common factor of c and r.
4
Let c = 500 + -489. What is the highest common divisor of c and 539?
11
Let k be 88/(-2)*1650/(-200). Calculate the highest common divisor of k and 66.
33
Let g = 8 + 46. Let o = 131 - g. Calculate the highest common factor of o and 7.
7
Let r(g) = -g + 13. Let b be r(9). Suppose -124 = b*k - 440. Suppose 23 = -4*j + k. Calculate the highest common factor of 112 and j.
14
Suppose -o + 3 = -1. Suppose 0 = -5*a + o*a + 147. What is the greatest common divisor of a and 21?
21
Let q(f) = 4*f**2 - 16*f - 18. Let r = 28 - 15. Let s be q(r). Calculate the greatest common factor of 50 and s.
50
Let p be (-5)/(-5*2)*52. Let q be (-27)/(-2) + (-2)/4. What is the highest common factor of p and q?
13
Let y be (160/(-25) + (-4)/(-10))*1. Suppose -2*t = 5*v + 94, 5*t - 5 = -2*v - 51. Let b be (y/(-4))/((-1)/v). Calculate the highest common factor of 18 and b.
9
Let k(j) = 2*j**2 + 29*j - 23. Let l be k(-16). Let w = 29 - l. Calculate the greatest common factor of w and 14.
2
Suppose 11*n = n + 40610. What is the greatest common factor of 31 and n?
31
Let z = 202 - 48. Calculate the greatest common factor of 22 and z.
22
Suppose 3*h + 3*k = 204, -72*h + 69*h + k + 220 = 0. Suppose 8*c = 4*c - 3*j + 102, -5*c - 3*j + 126 = 0. What is the greatest common divisor of c and h?
24
Suppose 0 = 5*g + 731 - 5611. What is the great